ctor of 2320 and 3003040?
80
Calculate the highest common divisor of 1117917260 and 137.
137
Calculate the highest common divisor of 320 and 200799360.
320
Calculate the highest common divisor of 4991000 and 861000.
7000
What is the greatest common divisor of 222494 and 212?
106
Calculate the greatest common factor of 61737900 and 252.
84
Calculate the greatest common divisor of 24040452 and 132.
12
Calculate the greatest common factor of 19743205 and 14360.
1795
Calculate the greatest common divisor of 78 and 524454.
6
What is the highest common divisor of 1111 and 545299?
101
What is the highest common factor of 900 and 4294872?
36
Calculate the highest common factor of 7472896 and 256.
256
What is the greatest common factor of 805 and 25433065?
35
Calculate the highest common factor of 204398150 and 1650.
550
Calculate the highest common divisor of 31427 and 88567.
2857
What is the greatest common factor of 22072902 and 75?
3
What is the greatest common divisor of 48690106 and 268?
134
What is the greatest common factor of 324 and 949428?
108
Calculate the highest common factor of 16115184 and 1653.
87
Calculate the highest common divisor of 52002 and 83106.
486
Calculate the greatest common divisor of 1925094 and 5964.
426
What is the highest common factor of 115151373 and 1827?
261
Calculate the greatest common factor of 1210 and 125202.
22
What is the highest common factor of 287595 and 405090?
315
Calculate the greatest common divisor of 35476 and 6673289.
1267
Calculate the greatest common divisor of 30180 and 37914128.
2012
Calculate the greatest common divisor of 139428 and 493524.
36
What is the highest common factor of 95 and 3761790?
5
What is the highest common divisor of 106912325 and 1300?
325
Calculate the highest common divisor of 48265 and 643205.
985
Calculate the greatest common factor of 20776040 and 510.
170
What is the highest common divisor of 211897 and 91?
7
What is the highest common divisor of 67179 and 636144?
1371
Calculate the highest common divisor of 457697902 and 541.
541
What is the highest common factor of 14731688 and 5776?
2888
Calculate the highest common factor of 53643227 and 22.
11
What is the greatest common divisor of 143 and 183634?
11
Calculate the greatest common divisor of 343 and 1151696.
49
Calculate the greatest common factor of 1052022 and 30352.
542
What is the highest common divisor of 1372 and 42748?
4
What is the greatest common factor of 455175 and 2555?
35
What is the highest common divisor of 9669 and 395208?
33
Calculate the greatest common factor of 7532 and 403593612.
1076
What is the highest common divisor of 32901 and 1254?
33
What is the highest common divisor of 127468120 and 7280?
520
What is the highest common factor of 73250898 and 630?
42
Calculate the highest common divisor of 32532775 and 6315.
2105
What is the highest common factor of 632 and 716884?
4
Calculate the highest common factor of 72 and 68869208.
8
Calculate the greatest common divisor of 27 and 415965159.
27
What is the greatest common divisor of 1196200 and 800?
200
Calculate the highest common factor of 60 and 5213880.
60
Calculate the highest common divisor of 96 and 257552.
16
What is the greatest common factor of 91416 and 135731664?
7032
Calculate the highest common divisor of 49296579 and 489.
489
Calculate the highest common divisor of 142 and 842067313.
71
Calculate the greatest common factor of 1275 and 18300.
75
What is the highest common factor of 6228 and 3888867?
519
What is the highest common factor of 685128902 and 4742?
4742
What is the greatest common factor of 5499433 and 91685?
1667
What is the greatest common divisor of 9686534 and 286?
286
What is the highest common divisor of 5149600 and 35325?
3925
Calculate the greatest common factor of 56732 and 34168.
4
What is the greatest common divisor of 1489504 and 6942?
178
What is the greatest common factor of 252 and 31874472?
252
Calculate the highest common factor of 57422205 and 75.
15
Calculate the highest common factor of 63 and 8337159.
9
Calculate the highest common divisor of 35623 and 2932718.
727
What is the greatest common divisor of 4923 and 11079?
9
What is the greatest common factor of 11904504 and 7599?
447
What is the highest common factor of 5489631 and 2370?
237
Calculate the greatest common divisor of 15 and 829225.
5
Calculate the greatest common divisor of 195 and 905339838.
39
Calculate the greatest common divisor of 11147893 and 46.
23
Calculate the highest common divisor of 30445895 and 705.
235
Calculate the greatest common factor of 80 and 62468055.
5
What is the highest common factor of 9751 and 24200589?
1393
Calculate the greatest common divisor of 118436 and 551116.
116
Calculate the highest common factor of 797881561 and 502.
251
Calculate the highest common factor of 16248352 and 174.
58
Calculate the greatest common factor of 388822160 and 400.
80
Calculate the highest common divisor of 97860 and 5985420.
420
Calculate the greatest common divisor of 1206 and 3837760.
134
Calculate the greatest common factor of 115 and 23713.
23
What is the greatest common divisor of 4074 and 2012430?
42
What is the greatest common divisor of 37469 and 279104?
89
What is the highest common factor of 2610 and 1591955?
145
What is the highest common factor of 114976524 and 38532?
2964
Calculate the greatest common factor of 7 and 524296164.
7
Calculate the highest common divisor of 4424493 and 2544.
159
What is the greatest common divisor of 12727476 and 214716?
7404
Calculate the highest common factor of 171693376 and 512.
64
Calculate the highest common divisor of 824447 and 91.
13
What is the highest common divisor of 1321022 and 3638?
214
Calculate the highest common factor of 555 and 97521492.
111
What is the greatest common factor of 160606248 and 8?
8
Calculate the highest common factor of 74 and 2206199.
37
Calculate the greatest common factor of 50520 and 124980.
60
What is the highest common divisor of 40 and 186668565?
5
Calculate the greatest common divisor of 304 and 108475824.
16
What is the greatest common divisor of 25304757 and 1923?
1923
What is the greatest common factor of 138 and 212900466?
138
What is the highest common divisor of 420 and 6721890?
210
What is the greatest common divisor of 6987416 and 56?
8
What is the highest common factor of 5787 and 157149843?
1929
What is the highest common divisor of 14126 and 194516?
14
Calculate the greatest common divisor of 245 and 2573046.
7
What is the highest common factor of 10919 and 5920067?
179
What is the highest common factor of 31380 and 2068988?
2092
Calculate the highest common divisor of 226 and 1167968.
226
Calculate the greatest common factor of 196383 and 1015674.
363
What is the highest common divisor of 128 and 866531200?
128
What is the highest common divisor of 42837 and 17417328?
327
Calculate the highest common factor of 3997273 and 322103.
841
Calculate the greatest common divisor of 57628605 and 5.
5
What is the greatest common divisor of 372375348 and 3348?
372
Calculate the greatest common factor of 3483036 and 10044.
1116
What is the greatest common divisor of 1001760 and 29218?
4174
Calculate the greatest common divisor of 4371453576 and 168.
168
What is the highest common divisor of 495 and 618167187?
99
What is the greatest common divisor of 268 and 121665836?
268
Calculate the highest common divisor of 4 and 15911606.
2
What is the highest common divisor of 2087396 and 799?
17
Calculate the highest common factor of 9746230 and 28730.
1690
What is the highest common divisor of 536522 and 1323152?
4034
What is the greatest common factor of 22386 and 1270262?
574
What is the highest common divisor of 3708079 and 5283?
587
Calculate the highest common factor of 25193199 and 87.
87
What is the greatest common divisor of 544 and 76211?
17
What is the highest common divisor of 18417323 and 902?
41
Calculate the greatest common factor of 1429184 and 22494.
326
What is the highest common factor of 3914208992 and 6904?
6904
Calculate the greatest common factor of 144 and 12583344.
48
Calculate the greatest common factor of 184 and 325209972.
92
Calculate the greatest common factor of 64580145 and 798.
399
Calculate the highest common divis